z).
-35
Let t = 118 - 115. Suppose -3 + 15 = t*y. Suppose -y*l = -14 - 10. Let o(u) = u**3 - 6*u**2 + 6. Give o(l).
6
Suppose 0 = -5*p + 1 + 39. Suppose -402*o - 539 = -413*o. Suppose -p*x = -9 + o. Let y(i) = i**3 + 6*i**2 + 7*i + 1. Determine y(x).
-9
Let u(v) = v + 5. Let n be -5 + 2 + (13 - 9). Let o(z) = -z + 1. Let h(t) = n*u(t) - 3*o(t). Determine h(3).
14
Suppose -4*p = 2*w - 46, -3*w - 21 + 86 = 4*p. Let d(q) = -26 + w + 14 - 3*q. Let h be 0 + (-38)/6 - 109/(-327). Determine d(h).
25
Let q be 32904/(-1371) - 11/(44/(-96)). Suppose -4 = -t - 3*t. Let v(w) = w**3 - t - 2 + 0. Give v(q).
-3
Let f(z) be the third derivative of 7*z**4/4 + 25*z**3/3 + 5773*z**2. Give f(-1).
8
Let z(j) be the third derivative of j**4/12 - 55*j**3/6 - 26*j**2 - 13. Calculate z(31).
7
Let a(d) = 14*d + 1 + 19*d - 6*d. Let v = -380 + 384. Suppose -v*t = -5*l - 29, t - 12 = -t + 2*l. Determine a(t).
28
Let j(c) be the first derivative of -c**3/3 + 7*c**2 - 53*c + 7056. Calculate j(4).
-13
Let q = 2840 + -2831. Let m(t) = t**3 - 9*t**2 + t - 11. Give m(q).
-2
Let j be 0*2/2 + (428 - -10). Let i = 894 - j. Let q(u) = -u - u + 454 + 5*u**2 - i. Calculate q(-2).
22
Let r(s) = -311*s**2 + 9*s + 573*s**2 + 60 - 263*s**2. What is r(18)?
-102
Let q(y) = -y**3 + 11*y**2 + 14*y - 31. Suppose z - 3*r - 3 = 0, 33 = -14*z + 17*z - r. Give q(z).
-7
Let t(y) = y**2 - 15. Let f = 804 - 866. Let v = 62 + f. What is t(v)?
-15
Let v(o) = -2*o**2 - 9*o + 10. Let r(p) = 6*p**2 + 28*p - 30. Let j(g) = 5*r(g) + 14*v(g). Let b(w) = -3*w**2 - 37*w - 70. Let i be b(-2). Give j(i).
6
Let o(y) be the third derivative of 7*y**4/24 - y**3/6 + y**2. Let l = 639 + -639. Let c be (l - -5) + (-4)/((-8)/(-14)). Give o(c).
-15
Let c(p) = -p - 12. Suppose 5*h = 2*h + 15, -2*z + h = -5. Suppose -z*k + 133 = -2*a - 0*a, k = 4*a + 23. Suppose -k = 5*x + 3. Determine c(x).
-6
Suppose 15*h - 1 = 14*h. Let p(q) = -99*q + 1. Give p(h).
-98
Let k be (95/25 - 4)/(3/(-45)). Let y be 2 - (5 - k) - -2. Let x(j) = -j**y - 5*j - 4*j**2 + j**2 + 5*j**2 + 3. Determine x(4).
-1
Let h(r) = r**3 + 8*r**2 + 7*r - 6. Suppose 4*v = -5*f - 15, 4*f + 188*v + 3 = 183*v. What is h(f)?
-6
Let s = 56 - 53. Suppose 5*q = -4*o + 23, -q + 14 = o + s*q. Let f(a) be the third derivative of a**6/120 + a**5/20 - a**4/8 + a**3/2 - 3*a**2. Calculate f(o).
17
Suppose 102 = -22*d - 6 - 2. Let f(u) = -2*u**2 - 13*u - 19. What is f(d)?
-4
Let d(q) = -q**2 + 14*q - 8. Let f(c) = -15*c + 360. Let a be f(23). What is d(a)?
-23
Suppose 3*w + 13 = 4*p, -14 + 22 = 2*p. Let u be (w + 4)/(1/(-5)*5). Let i(x) = -x**2 + 2*x - 1. Calculate i(u).
-36
Let p(r) be the first derivative of r**3/3 - 3*r**2 - 6*r - 9. Let x = -16 - -27. Let h(c) = c**3 - 10*c**2 - 10*c - 3. Let b be h(x). What is p(b)?
10
Let k(u) = 6 - u**3 + 14 + 2*u**2 + 2437*u - 1219*u + 16 - 1214*u. Give k(0).
36
Let a be (7 - (-825)/(-121)) + 1168/(-11). Let t = -106 - a. Let q(s) = -s**2 + s + 6. Calculate q(t).
6
Let i(k) = 3*k**3 - 29*k**2 + 8*k + 26. Let o(w) = -18*w**3 - 5*w - w + 3*w - 9 + 10*w**2 + 17*w**3. Let c(d) = 3*i(d) + 8*o(d). Calculate c(7).
6
Let f(w) be the first derivative of -2*w**2 + 1/3*w**3 - 87 - w. Calculate f(5).
4
Let s(j) = j**2 - 13*j - 34. Let z be 114/6*44/(2*1). Let r = z + -403. Give s(r).
-4
Let k = -5 + 698. Suppose k = z - 8*z. Let a = z - -98. Let h(g) = -g**2 - 1. Determine h(a).
-2
Let v(q) = -q**3 + 6*q**2 - 5*q + 3. Suppose -8*k - 10*k = -1224. Suppose -7*j + k = 40. Give v(j).
15
Let o(t) = -t**3 - 17*t**2 + t + 22. Suppose 534*a + 0*a = -9078. What is o(a)?
5
Let q(o) = -4*o**2 + 52*o - 21. Let a(m) = 6*m**2 - 80*m + 33. Let d(l) = -5*a(l) - 8*q(l). Give d(7).
-11
Let s(k) = 120*k - 17 - 121*k + 4 - 3. Let c(o) = -o**3 + 23*o**2 - 20*o - 44. Let a be c(22). Give s(a).
-16
Let f be -3 + ((-27)/243 - (88/18 - 3)). Let x(b) = -2*b**2 - b - 4. Determine x(f).
-49
Let i(l) = -12*l + 80. Let n be 9/(-10)*(-2720)/408. Determine i(n).
8
Let v = 14 + -10. Let x(j) = -5*j**2 - 288*j - 2*j**3 + 289*j + 3*j**3 + 3. Give x(v).
-9
Let i(d) be the second derivative of d**2 + 0 + 1/6*d**3 - 9*d. Suppose -r - a - 6 = 0, -r + 6*a - 8*a = 7. Give i(r).
-3
Let x(m) = 2*m + m - 10017*m**3 + m**2 - 2 + 10009*m**3. Determine x(1).
-6
Suppose -2*u - 3211 = -5*k, -2*k - 4*u + 399 + 895 = 0. Let t(a) = -648 + 5*a - k + 1293. Give t(-6).
-28
Let d(z) = -5*z + 15*z**3 - 148 + 22*z + 9*z + 143 - 14*z**3 + 16*z**2. Calculate d(-14).
23
Let n(g) = -g - 7. Let t(k) = 11*k + 49. Let v(a) = -35*n(a) - 5*t(a). Calculate v(-1).
20
Suppose -4*z + 30 + 34 = 0. Let s(y) = -z + y + 1 + 7 + 6. Let p be ((-12)/(-15))/(2/(-10)). Calculate s(p).
-6
Let y(v) = 10*v - 157. Let j(r) = -151*r + 1223. Let d be j(8). Give y(d).
-7
Let t(r) = -4*r + 3*r + 0*r + 8*r**2. Let x(y) = 23*y - 1793. Let i be x(78). What is t(i)?
7
Let b(q) be the first derivative of 3*q**2 - 7*q - 1879. What is b(1)?
-1
Let y(t) = -13*t + 705. Let z(u) = 11*u - 661. Let s(g) = -5*y(g) - 4*z(g). Calculate s(42).
1
Let n(d) be the first derivative of -6*d**2 + 52*d + 1335. Calculate n(6).
-20
Let d = -223 - -205. Let a = 12 + d. Let h(z) = 6*z + 8. Determine h(a).
-28
Let i(m) = -m**2 - 17*m + 66. Let q be (12/2 - -3) + -2 + -4. What is i(q)?
6
Let c(k) = 11 - 19*k + 41*k - 23*k. Let h(y) = -y**3 + 26*y**2 - 51*y + 72. Let i be h(24). Calculate c(i).
11
Let t(x) = 13 + 12 + 15 - 53 + 12 + 37*x**2. Calculate t(1).
36
Let s be (-6)/(-30) + 58/10. Let w be ((-9)/(-6))/(s/8). Suppose 4*f = 6 - w. Let j(z) = -6*z**3 + z**2 - 2*z + 1. Determine j(f).
-6
Let h(p) = -18*p + 10 + 29*p - 9*p - 19*p. Let l(k) = -5*k + 3. Let c(m) = -2*h(m) + 7*l(m). What is c(1)?
0
Let m(y) = y**2 + y - 8. Let p be m(-4). Let g(b) = 32073*b - 2*b**2 - 6 - 32069*b + 0*b**2. Determine g(p).
-22
Suppose 12 = 9*m - 3*m. Let s(x) = -2 + 28*x + 25*x + 0*x**m + x**2 - 48*x. Let n(l) = -3*l + 6. Let h be n(4). Give s(h).
4
Let x(r) = -r**3 - r**2 + 6*r + 9. Let u be 2/8*(-70)/(-35)*-4. What is x(u)?
1
Let u be (226/(-12) - -10) + (-10)/60. Let v(l) be the second derivative of l**5/20 + 3*l**4/4 - 2*l**3/3 - 11*l**2/2 - l. Give v(u).
25
Let c = 48 + -34. Suppose -2*o - 2*x + 2 = c, -4*o - 31 = -3*x. Let y(q) = -1. Let v(w) = -w - 11. Let f(i) = v(i) + 4*y(i). Give f(o).
-8
Let z(k) = 3*k + 7*k - 3748 + 3750. Calculate z(3).
32
Let s(y) = -26483 + 18*y + 26481 + 3*y**2 - 4*y. Give s(-5).
3
Let h(r) = 9*r**3 - 91*r**2 + 8*r + 24. Let f be h(10). Let w(a) = a**3 - 4*a**2 + 6*a - 9. Calculate w(f).
15
Let w(y) = 12*y - 2. Suppose c + 443 = n, -4*c - 1314 = -3*n - 6*c. Let o = -437 + n. Determine w(o).
34
Let d(o) be the first derivative of -94 - 5/2*o**2 + 3*o. Give d(2).
-7
Suppose 0*n + 4*n = -5*j + 60, 2*n = -2*j + 22. Let g(t) = j*t**2 + 16*t**2 - 55*t**2 - 3 + 20*t**2 + t + t**3. Calculate g(3).
0
Let s be (-3)/(-15) + (588/20)/3. Let u(a) = -a**2 + 14*a - 36. Let i be u(s). Let m(j) = -j**2 + 6*j - 4. Calculate m(i).
4
Let g(y) = 2*y**2 - y - 2. Let m(h) = 5*h + 2 - 19 - 58 - 8. Let s be m(17). What is g(s)?
4
Let v(r) be the first derivative of -r**5/60 + r**3/2 - 2*r**2 - r - 138. Let i(c) be the second derivative of v(c). Calculate i(-4).
-13
Let t(y) = 4*y - 1. Let q = -44 + 44. Suppose 2*m - 2 = -q. Let c be t(m). Let i(f) = -f**2 + 3*f - 4. Calculate i(c).
-4
Let g(k) = k**3 + 4*k**2 - 6*k - 4. Let a be 6 + (-3)/4 + (-3)/12. Suppose 1 + 34 = a*q. Suppose -y - q = o, 1 = -o + 2*o - 3*y. Calculate g(o).
1
Let f = 308 + -306. Suppose 4*g = 4*q - 44, -f*q + 4*g + 34 = -g. Let a(m) = -m**2 + 8*m - 2. Determine a(q).
5
Suppose 28 = 19*c + 9. Let i be (0 + 0)*(-6)/(6/c). Let j(q) = i*q**3 + 2 + 43*q - 36*q - 3*q**3 + 4*q**2 + 2*q**3. Calculate j(5).
12
Suppose 25*c - 21*c - 112 = 0. Let v(a) = 7*a**2 + c + 2*a - 26 - 6*a**2. Calculate v(-5).
17
Let o(t) = -53*t - 35*t - 26 + 89*t - 10*t**2 - 9*t**2 + t**3 + 2. Determine o(19).
-5
Suppose 2*m - 4 = m. Let l be ((-5)/2)/(8/(-16)). Suppose 4*z - 5 = 2*j - j, -m*j - 20 = l*z. Let s(r) = r - 13. Determine s(z).
-13
Let p be (-1199)/(-872) + 1 + ((-6)/16 - 1). Let l(v) = 8*v**3 + 3*v**2 - 3*v + 1. What is l(p)?
9
Let k(t) = 4*t**3 + 4*t + 5. Let v = -1767 + 1765. Give k(v).
-35
Suppose -35 + 22 = 14*p + 57. Let r(d) = 2*d + 32. Calculate r(p).
22
Let d(i) = 2*i**2 - 23*i - 28. Let l be d(14). Let q be (